11?
a7a980
-16340 (base 7) to base 10
-4634
87131 (base 15) to base 14
b2436
-110111001100000000 (base 2) to base 8
-671400
-2c58c6 (base 16) to base 12
-b81a86
What is -5696557 (base 11) in base 12?
-3406619
What is -cc33bb (base 14) in base 5?
-3233030430
118418 (base 9) to base 15
16408
What is 10010101111110011 (base 2) in base 16?
12bf3
What is -1721b6 (base 13) in base 16?
-8c9bc
What is -2663300 (base 7) in base 5?
-42223342
What is 1134630 (base 14) in base 7?
126440360
1000001101101000010010 (base 2) to base 16
20da12
Convert 5a635 (base 12) to base 2.
11101110000001001
-11101010110101111 (base 2) to base 6
-2324355
Convert 10077110 (base 8) to base 15.
2c0e55
Convert -375a15 (base 15) to base 2.
-1010000111010111111101
-870b9 (base 12) to base 10
-178125
Convert 21756a (base 12) to base 13.
157aa1
Convert b97e4 (base 16) to base 13.
207a98
What is -406032 (base 7) in base 4?
-100322331
Convert 46cc0 (base 13) to base 14.
3533c
What is 100000012212221 (base 3) in base 16?
490c3c
Convert -3007443 (base 8) to base 9.
-1434078
464507 (base 9) to base 15
5797a
-30326611 (base 7) to base 10
-2528212
25546025 (base 7) to base 14
449715
Convert 607876 (base 9) to base 3.
200021222120
Convert -27304 (base 14) to base 2.
-10111100101111000
96008 (base 10) to base 9
155625
-222244311 (base 5) to base 9
-1750606
What is -1101110100100001 (base 2) in base 7?
-324020
1320310220 (base 4) to base 2
1111000110100101000
Convert 1577973 (base 10) to base 16.
1813f5
What is 1010001010000000 (base 2) in base 16?
a280
Convert -7701 (base 15) to base 13.
-b617
What is -180d5d5 (base 14) in base 2?
-101101010001101100100111
49213 (base 13) to base 16
20ce3
What is 8233624 (base 9) in base 4?
100300101010
Convert 2122145 (base 6) to base 15.
20d02
Convert 4028217 (base 9) to base 13.
5a1390
Convert -27f75 (base 16) to base 9.
-268500
Convert 32a4b (base 15) to base 11.
aaa15
Convert 186033 (base 12) to base 13.
11b671
Convert -4223024 (base 6) to base 16.
-32278
Convert 20550053 (base 6) to base 12.
252329
101022010201121 (base 3) to base 4
110320210132
Convert -10010001011000110110010 (base 2) to base 9.
-8861074
Convert 98212 (base 15) to base 10.
483092
Convert -a73792 (base 11) to base 15.
-23e043
What is 6387016 (base 9) in base 10?
3423399
-3cd94 (base 14) to base 10
-150854
What is 114345 (base 7) in base 8?
50430
c97bab (base 13) to base 15
6366e9
What is -ec74d (base 15) in base 2?
-10110111010100110010
Convert 1020512 (base 7) to base 13.
43b0b
-143ec9 (base 15) to base 9
-1745820
Convert -12040423 (base 5) to base 7.
-644332
What is -395aa (base 12) in base 15?
-1845a
What is 1122122002112 (base 3) in base 15?
125478
Convert -157f9 (base 16) to base 4.
-111133321
340b8 (base 15) to base 16
286ac
601da8 (base 16) to base 5
3103032143
What is 438809 (base 11) in base 10?
699752
What is -18556 (base 13) in base 2?
-1011011111001101
Convert -146583 (base 9) to base 15.
-1ba9c
-66032455 (base 7) to base 2
-10101100100101011101101
-451219 (base 12) to base 8
-4146365
What is 10101010011111110100 (base 2) in base 9?
1273861
What is -266b0 (base 14) in base 10?
-94626
What is -1adf2 (base 16) in base 8?
-326762
66012 (base 9) to base 3
2020000102
1101000100111101110010 (base 2) to base 4
31010331302
Convert -b5367 (base 13) to base 3.
-121112211202
Convert -55477 (base 11) to base 2.
-10011101000101100
Convert -7c7208 (base 15) to base 11.
-33a2253
8109b (base 13) to base 4
320112131
Convert 23223202120 (base 4) to base 5.
1240440122
20120202010 (base 3) to base 2
11111101000101000
-13321141 (base 5) to base 15
-2a381
110101001011110 (base 2) to base 5
1332410
What is -31455153 (base 7) in base 2?
-1010001011101100000001
Convert -3410122 (base 7) to base 9.
-713671
3273b8 (base 12) to base 16
c377c
Convert -101003300330 (base 4) to base 9.
-8365222
What is -10040082 (base 9) in base 16?
-496247
Convert -846868 (base 12) to base 14.
-3c3cac
-1ab285 (base 12) to base 9
-804342
What is -102422441 (base 5) in base 8?
-1523434
What is -33630542 (base 8) in base 13?
-1681b21
Convert 3c92a (base 15) to base 8.
573610
Convert 422011413 (base 5) to base 3.
10021221201121
What is -1110111000001001 (base 2) in base 13?
-21976
Convert -15553343 (base 6) to base 2.
-10001000100011111111
What is 12052487 (base 10) in base 7?
204305306
382381 (base 9) to base 11
148952
Convert 4251042 (base 6) to base 3.
101121112222
Convert -e32a3b (base 15) to base 11.
-6101364
-824806 (base 15) to base 8
-27474704
What is -213481 (base 9) in base 2?
-11111000100001011
Convert 2238246 (base 10) to base 15.
2e32b6
Convert 1035153 (base 6) to base 4.
30213231
-33018 (base 13) to base 6
-1551143
-261341 (base 11) to base 13
-115503
What is 313320 (base 9) in base 2?
101101011100101100
Convert -3627221 (base 12) to base 5.
-10142123300
Convert -4b2b17 (base 15) to base 13.
-992329
66405222 (base 7) to base 3
101202102011110
-70895 (base 12) to base 7
-1146605
Convert -11010111010011110011 (base 2) to base 5.
-211210112
-1010001011011011101 (base 2) to base 13
-b8a75
-12201201 (base 7) to base 8
-4126441
What is 499823 (base 11) in base 4?
3000213101
What is 202110211110 (base 3) in base 14?
a6c2a
257757 (base 8) to base 6
1533035
What is 1001011110110110010010111 (base 2) in base 15?
1b2bda7
What is 1013516 (base 7) in base 15?
25e42
Convert -191434 (base 11) to base 12.
-122640
-10101011101100101 (base 2) to base 5
-10303114
What is 73a85 (base 11) in base 2?
11010010100000111
What is -11010101110111110 (base 2) in base 7?
-634151
What is 1010021033 (base 4) in base 10?
279119
-4031334 (base 6) to base 5
-22101413
112202110212 (base 3) to base 6
10120505
34498 (base 11) to base 14
1423c
-64aa3 (base 13) to base 7
-1355355
-101486 (base 13) to base 6
-12004432
What is -1333330002 (base 4) in base 15?
-a5409
What is -11021221100102 (base 3) in base 15?
-30124e
201443204 (base 5) to base 3
1112021021100
Convert -10ed3 (base 16) to base 6.
-1252551
365465 (base 7) to base 6
1233105
What is 1c04c (base 14) in base 8?
213364
41540304 (base 6) to base 16
1278d0
344055 (base 8) to base 12
576b9
2020112111211 (base 3) to base 8
4427207
What is 56923 (base 14) in base 6?
4301443
1c723 (base 16) to base 5
12212030
-84223a (base 14) to base 2
-10001000001011001101100
What is -13221113 (base 4) in base 13?
-11342
What is -68606 (base 9) in base 13?
-17a48
Convert 1332130030 (base 4) to base 14.
d6a4c
134230205 (base 6) to base 10
2725565
Convert -701271 (base 9) to base 16.
-6525a
What is -4ed706 (base 16) in base 13?
-10bba14
-1003012421 (base 5) to base 12
-805b8a
Convert 512858b (base 12) to base 16.
e8773b
Convert 17737437 (base 8) to base 11.
23a3845
240243424 (base 5) to base 4
10031102031
What is -8a642 (base 11) in base 4?
-200002022
-33012223220 (base 4) to base 16
-3c6ae8
Convert -3232144 (base 5) to base 13.
-1c22a
-1e4109 (base 15) to base 8
-5516203
Convert 30523353 (base 9) to base 12.
4aab7a0
What is -1a6349 (base 15) in base 11?
-7a9724
100100001000011110110011 (base 2) to base 9
18736028
What is 171474 (base 11) in base 12?
109736
What is -10330321 (base 4) in base 6?
-233521
Convert -229773 (base 14) to base 4.
-10133300121
Convert 264374 (base 10) to base 11.
1706a0
What is 202022121 (base 3) in base 11?
10146
1232000 (base 5) to base 3
1012220220
-345476 (base 8) to base 4
-130230332
Convert -13023b (base 15) to base 14.
-19a3b6
What is 47508 (base 12) in base 4?
113120120
What is 1238979 (base 12) in base 15?
4a51e9
Convert -a5a5b6 (base 12) to base 2.
-1001111101001111011010
-11423040 (base 5) to base 7
-626364
What is 19bab22 (base 12) in base 10?
5472458
What is 30c90c (base 13) in base 10?
1141776
112102022110120 (base 3) to base 16
74ed0a
-1343a (base 16) to base 8
-232072
-32222303232 (base 4) to base 5
-1441022413
Convert -6c8273 (base 13) to base 6.
-131251442
-10011011101110000 (base 2) to base 11
-549a0
What is -2bb9726 (base 13) in base 3?
-222110222112020
12166c4 (base 14) to base 13
1a434c6
What is 64a9 (base 14) in base 10?
17397
Convert 69279 (base 10) to base 14.
1b367
Convert -54455 (base 14) to base 16.
-31c8b
Convert -323604 (base 9) to base 12.
-937aa
23352434 (base 6) to base 12
2b271a
What is 100680 (base 10) in base 6?
2054040
-699320 (base 11) to base